{"id":50,"date":"2018-02-27T19:50:35","date_gmt":"2018-02-27T22:50:35","guid":{"rendered":"https:\/\/dovergilio.com\/rede\/?page_id=50"},"modified":"2018-02-27T19:50:41","modified_gmt":"2018-02-27T22:50:41","slug":"lendo-a-biblia-online","status":"publish","type":"page","link":"https:\/\/dovergilio.com\/rede\/lendo-a-biblia-online\/","title":{"rendered":"Lendo a B\u00edblia online"},"content":{"rendered":"<p style=\"text-align: justify;\"><a href=\"http:\/\/www.a12.com\/biblia\/\"><span style=\"color: #800000;\"><strong>Para ler a B\u00edblia online acesse esse link.<\/strong><\/span><\/a><\/p>\n<p style=\"text-align: justify;\">&#8220;Dedique um tempo di\u00e1rio para estudar e meditar a B\u00edblia: pode ser pela manh\u00e3, logo ap\u00f3s acordar; ou, depois do almo\u00e7o ou da janta; ou antes de dormir; ou, ainda, qualquer outro hor\u00e1rio que se adapte ao seu tempo livre. A quantidade de tempo tamb\u00e9m pode ser livremente estabelecida: 10, 30, 60 minutos ou mais. Quanto mais tempo voc\u00ea tiver, melhor! Por\u00e9m, divida o tempo total para as duas atividades que devem ser feitas: leitura e estudo.<\/p>\n<p style=\"text-align: justify;\">O ideal \u00e9 dividir na ordem de 1\/3 e 2\/3, respectivamente. Assim, se voc\u00ea resolver dedicar 15 minutos di\u00e1rios, use 5 minutos para leitura e 10 minutos para o estudo. Ap\u00f3s estabelecer o hor\u00e1rio que melhor o satisfa\u00e7a, cumpra-o rigorosamente, n\u00e3o esquecendo nem adiando nenhum dia, mesmo que se sinta cansado. Lembre-se: devemos amar a Deus sobre todas as coisas! Se voc\u00ea n\u00e3o tiver uma B\u00edblia, adquira uma. Compre, entretanto, em livrarias cat\u00f3licas pois as vers\u00f5es comercializadas por livrarias evang\u00e9licas s\u00e3o incompletas quanto ao Antigo Testamento (faltam 7 livros e alguns trechos de Ester e Daniel).<\/p>\n<p style=\"text-align: justify;\">Existem B\u00edblias com uma linguagem mais simples (ex.: &#8220;B\u00edblia Ave Maria&#8221;) e outras mais t\u00e9cnicas (ex: &#8220;B\u00edblia de Jerusal\u00e9m&#8221;); leve aquela que esteja dentro da sua linguagem e das suas condi\u00e7\u00f5es. Al\u00e9m disso, compre um caderno e tamb\u00e9m um coment\u00e1rio b\u00edblico. As editoras cat\u00f3licas disponibilizam diversos coment\u00e1rios, dos mais simples aos mais completos. Folheie-os com calma e encontre um que atenda seus requisitos de linguagem e complexidade. Adquirido o material e chegada a hora do estudo, com a B\u00edblia nas m\u00e3os, inicie com uma ora\u00e7\u00e3o ao Esp\u00edrito Santo, pedindo para que o ilumine.<\/p>\n<p style=\"text-align: justify;\">Pode ser a seguinte ou uma outra semelhante e espont\u00e2nea: &#8220;Esp\u00edrito Santo: Tu inspiraste estas palavras. Ilumina a minha mente para que eu possa compreend\u00ea-las. Vem, Esp\u00edrito Santo, ilumina o meu cora\u00e7\u00e3o e o meu entendimento. Ajuda-me a reconhecer a Verdade eterna que preciso para agradar a Deus. Am\u00e9m.&#8221; Selecione a leitura. H\u00e1 v\u00e1rias formas de se fazer isto&#8230;<\/p>\n<p style=\"text-align: justify;\">Voc\u00ea pode seguir a sugest\u00e3o da Igreja e ler as leituras selecionadas para o tempo lit\u00fargico em que estiver (algumas B\u00edblias trazem essa sele\u00e7\u00e3o de textos em ap\u00eandice no final do volume; caso sua B\u00edblia n\u00e3o possua essa indica\u00e7\u00e3o, imprima as p\u00e1ginas das Leituras Dominicais e Semanais que disponibilizamos neste Site) ou ler a B\u00edblia na forma sequencial, a partir do primeiro livro (neste caso, particularmente sugiro que se inicie pelo Novo Testamento &#8211; por ser mais din\u00e2mico &#8211; para s\u00f3 depois se passar para o Antigo Testamento). Leia com aten\u00e7\u00e3o &#8211; sem pressa e meditativamente &#8211; cada vers\u00edculo.<\/p>\n<p style=\"text-align: justify;\">N\u00e3o se incomode de precisar voltar a ler alguma passagem n\u00e3o muito clara. Releia todo o texto mais uma ou duas vezes, pois sempre acabamos percebendo algo que deixamos escapar na leitura anterior&#8230; Identifique-se com os personagens em cada cena. Se estiver lendo os Evangelhos, coloque-se no lugar do sofredor L\u00e1zaro, no lugar de Mateus convidando Jesus para uma refei\u00e7\u00e3o&#8230; Considere tudo o que Jesus fala como diretamente dirigido a voc\u00ea. Ao ler as ep\u00edstolas, al\u00e9m da voz do Ap\u00f3stolo e do Esp\u00edrito Santo, reconhe\u00e7a a voz da Igreja, exortando-o a aumentar e amadurecer a f\u00e9. Termine a leitura tamb\u00e9m com uma ora\u00e7\u00e3o ao Esp\u00edrito Santo, como, por exemplo: &#8220;Fala, Senhor: teu servo est\u00e1 te ouvindo. Aqui estou, Senhor!&#8221;, ou &#8220;Senhor: aqui estamos, Tu e eu, juntos agora. Fala-me, pois eu te escuto!&#8221;. Fa\u00e7a, ent\u00e3o, um breve sil\u00eancio. Inicie o estudo lendo com calma e aten\u00e7\u00e3o o coment\u00e1rio sobre o texto lido.<\/p>\n<p style=\"text-align: justify;\">Leia tamb\u00e9m todas as notas de rodap\u00e9 existentes na sua B\u00edblia: elas s\u00e3o importantes principalmente para os pontos mais obscuros. Prossiga o estudo tomando nota das passagens que mais o tocam. Neste ponto, sugiro que se utilize o m\u00e9todo do pe. Jonas Abib, dividindo as cita\u00e7\u00f5es em cinco pontos: Promessas: \u00e9 tudo aquilo que Deus promete \u00e0queles que cumprem (ouvem e praticam) a Sua Palavra.<\/p>\n<p style=\"text-align: justify;\">S\u00e3o promessas em que podemos seguramente confiar. Ex.: &#8220;Onde dois ou tr\u00eas est\u00e3o reunidos em meu nome, a\u00ed estou no meio deles&#8221; (Mt 18,20); v.tb.: Jo 1,12; Lc 11,13; Ef 6,8. Ordens: s\u00e3o os mandamentos que devemos obedecer durante a nossa vida, onde demonstramos a nossa fidelidade a Deus. Ex.: &#8220;Amai-vos uns aos outros como eu vos tenho amado&#8221; (Jo 13,34); v.tb.: Mt 5,37; Mc 16,15; Lc 6,27-28. Princ\u00edpios Eternos: s\u00e3o as leis que regem o Reino de Deus e n\u00e3o devem ser confundidos com as ordens. S\u00e3o os segredos do funcionamento do Reino. Ex.: &#8220;Para os puros, todas as coisas s\u00e3o puras. Para os corruptos e descrentes, nada \u00e9 puro; at\u00e9 sua mente e consci\u00eancia s\u00e3o corrompidas&#8221; (Tt 1,15); v.tb.: Lc 6,36; 18,14; 1Tm 6,7.<\/p>\n<p style=\"text-align: justify;\">Mensagem de Deus para Hoje: certamente Deus tem uma mensagem para voc\u00ea. Fa\u00e7a de maneira pessoal, com suas pr\u00f3prias palavras. Como Aplicar a Leitura na Vida: \u00e9 a parte mais pessoal e mais concreta. Anote e coloque em pr\u00e1tica tudo o que descobrir. \u00c9 a maneira decisiva para mudar o comportamento (ser e agir) e o relacionamento com Deus. Para terminar o estudo, releia o coment\u00e1rio b\u00edblico e as suas anota\u00e7\u00f5es. Observe, ent\u00e3o, a incr\u00edvel unidade que existe entre eles. Se voc\u00ea quiser &#8211; e \u00e9 altamente recomendado!! &#8211; tente relembrar a leitura do dia anterior; se poss\u00edvel, memorize o vers\u00edculo principal, o n\u00facleo da mensagem.<\/p>\n<p style=\"text-align: justify;\">Termine o seu &#8220;dever de casa&#8221; com uma ora\u00e7\u00e3o espont\u00e2nea agradecendo a Deus pelas descobertas do dia e certo de ter aumentado a sua intimidade com Ele. Lembre-se sempre: N\u00e3o caia no erro de querer ler somente a B\u00edblia sem a ajuda da Igreja, achando que pode interpret\u00e1-la de forma particular. Essa tese \u00e9 protestante e anti-b\u00edblica. Foi por causa disso que o sectarismo se instalou no mundo crist\u00e3o, existindo hoje mais de 20.000 denomina\u00e7\u00f5es &#8211; todas elas com mensagens &#8220;muito particulares&#8221; e distintas umas das outras.&#8221;\u00a0<small><\/small><\/p>\n","protected":false},"excerpt":{"rendered":"<p>Para ler a B\u00edblia online acesse esse link. &#8220;Dedique um tempo di\u00e1rio para estudar e meditar a B\u00edblia: pode ser pela manh\u00e3, logo ap\u00f3s acordar; ou, depois do almo\u00e7o ou da janta; ou antes de dormir; ou, ainda, qualquer outro hor\u00e1rio que se adapte ao seu tempo livre. A quantidade de tempo tamb\u00e9m pode ser [&hellip;]<\/p>\n","protected":false},"author":2,"featured_media":0,"parent":0,"menu_order":0,"comment_status":"closed","ping_status":"closed","template":"","meta":{"footnotes":""},"class_list":["post-50","page","type-page","status-publish","hentry"],"_links":{"self":[{"href":"https:\/\/dovergilio.com\/rede\/wp-json\/wp\/v2\/pages\/50","targetHints":{"allow":["GET"]}}],"collection":[{"href":"https:\/\/dovergilio.com\/rede\/wp-json\/wp\/v2\/pages"}],"about":[{"href":"https:\/\/dovergilio.com\/rede\/wp-json\/wp\/v2\/types\/page"}],"author":[{"embeddable":true,"href":"https:\/\/dovergilio.com\/rede\/wp-json\/wp\/v2\/users\/2"}],"replies":[{"embeddable":true,"href":"https:\/\/dovergilio.com\/rede\/wp-json\/wp\/v2\/comments?post=50"}],"version-history":[{"count":2,"href":"https:\/\/dovergilio.com\/rede\/wp-json\/wp\/v2\/pages\/50\/revisions"}],"predecessor-version":[{"id":53,"href":"https:\/\/dovergilio.com\/rede\/wp-json\/wp\/v2\/pages\/50\/revisions\/53"}],"wp:attachment":[{"href":"https:\/\/dovergilio.com\/rede\/wp-json\/wp\/v2\/media?parent=50"}],"curies":[{"name":"wp","href":"https:\/\/api.w.org\/{rel}","templated":true}]}}